inder when 3163 is divided by 35.
13
Calculate the remainder when 56511 is divided by 14070.
231
Calculate the remainder when 1129 is divided by 1084.
45
What is the remainder when 474083 is divided by 20612?
7
What is the remainder when 219059 is divided by 17?
14
What is the remainder when 18466 is divided by 2182?
1010
What is the remainder when 10258 is divided by 57?
55
Calculate the remainder when 14470 is divided by 159.
1
What is the remainder when 87656 is divided by 498?
8
What is the remainder when 146622 is divided by 115?
112
What is the remainder when 8487 is divided by 2812?
51
What is the remainder when 3775 is divided by 557?
433
What is the remainder when 15621 is divided by 238?
151
What is the remainder when 11068 is divided by 5486?
96
What is the remainder when 28512 is divided by 815?
802
What is the remainder when 15341 is divided by 229?
227
Calculate the remainder when 6095 is divided by 61.
56
Calculate the remainder when 19243 is divided by 125.
118
Calculate the remainder when 15068 is divided by 754.
742
What is the remainder when 1754 is divided by 29?
14
What is the remainder when 5071 is divided by 94?
89
Calculate the remainder when 6282 is divided by 106.
28
Calculate the remainder when 33248 is divided by 739.
732
Calculate the remainder when 5131 is divided by 244.
7
Calculate the remainder when 2812 is divided by 457.
70
What is the remainder when 67754 is divided by 928?
10
Calculate the remainder when 7574 is divided by 1079.
21
Calculate the remainder when 17949 is divided by 132.
129
What is the remainder when 12390 is divided by 77?
70
What is the remainder when 1814 is divided by 898?
18
What is the remainder when 5365 is divided by 80?
5
What is the remainder when 50686 is divided by 7236?
34
Calculate the remainder when 188807 is divided by 71.
18
Calculate the remainder when 52293 is divided by 144.
21
Calculate the remainder when 5509 is divided by 397.
348
What is the remainder when 78505 is divided by 143?
141
What is the remainder when 504583 is divided by 213?
199
What is the remainder when 18628 is divided by 230?
228
What is the remainder when 9991 is divided by 4993?
5
Calculate the remainder when 19427 is divided by 973.
940
Calculate the remainder when 37275 is divided by 18558.
159
Calculate the remainder when 142979 is divided by 127.
104
What is the remainder when 14588 is divided by 26?
2
What is the remainder when 8011 is divided by 565?
101
What is the remainder when 112232 is divided by 6?
2
Calculate the remainder when 8797 is divided by 8782.
15
Calculate the remainder when 15190 is divided by 131.
125
What is the remainder when 2718 is divided by 1339?
40
Calculate the remainder when 50002 is divided by 5554.
16
What is the remainder when 11909 is divided by 45?
29
What is the remainder when 611619 is divided by 305807?
5
What is the remainder when 2327 is divided by 535?
187
Calculate the remainder when 25777 is divided by 242.
125
What is the remainder when 277856 is divided by 2?
0
Calculate the remainder when 122036 is divided by 244.
36
Calculate the remainder when 14949 is divided by 343.
200
What is the remainder when 8554 is divided by 125?
54
What is the remainder when 1829 is divided by 350?
79
What is the remainder when 2100 is divided by 45?
30
Calculate the remainder when 188 is divided by 8.
4
Calculate the remainder when 347003 is divided by 1458.
1457
Calculate the remainder when 40525 is divided by 8103.
10
What is the remainder when 23744 is divided by 721?
672
Calculate the remainder when 9894 is divided by 3282.
48
Calculate the remainder when 3086 is divided by 6.
2
Calculate the remainder when 15060 is divided by 7515.
30
Calculate the remainder when 50156 is divided by 55.
51
Calculate the remainder when 116399 is divided by 242.
239
What is the remainder when 11995 is divided by 415?
375
What is the remainder when 27970 is divided by 416?
98
Calculate the remainder when 8544 is divided by 2837.
33
Calculate the remainder when 36929 is divided by 222.
77
Calculate the remainder when 2175 is divided by 250.
175
Calculate the remainder when 14311 is divided by 57.
4
Calculate the remainder when 107313 is divided by 902.
877
What is the remainder when 6616 is divided by 365?
46
What is the remainder when 5752 is divided by 7?
5
Calculate the remainder when 98979 is divided by 59.
36
What is the remainder when 6748 is divided by 45?
43
Calculate the remainder when 2727 is divided by 2578.
149
What is the remainder when 2447 is divided by 311?
270
What is the remainder when 77408 is divided by 25763?
119
What is the remainder when 6382 is divided by 57?
55
Calculate the remainder when 19241 is divided by 15.
11
What is the remainder when 1322 is divided by 8?
2
What is the remainder when 269 is divided by 46?
39
What is the remainder when 5947 is divided by 250?
197
What is the remainder when 107520 is divided by 9767?
83
Calculate the remainder when 10210 is divided by 909.
211
What is the remainder when 5118 is divided by 425?
18
Calculate the remainder when 1750 is divided by 875.
0
What is the remainder when 1432293 is divided by 27?
24
Calculate the remainder when 1135148 is divided by 183.
182
Calculate the remainder when 758 is divided by 57.
17
What is the remainder when 251984 is divided by 321?
320
What is the remainder when 84397 is divided by 14066?
1
What is the remainder when 4356 is divided by 487?
460
Calculate the remainder when 72586 is divided by 18.
10
What is the remainder when 338058 is divided by 83?
82
Calculate the remainder when 5200 is divided by 2600.
0
Calculate the remainder when 937 is divided by 315.
307
Calculate the remainder when 11756 is divided by 2510.
1716
Calculate the remainder when 3342 is divided by 1376.
590
Calculate the remainder when 3777 is divided by 3775.
2
Calculate the remainder when 65523 is divided by 129.
120
What is the remainder when 941148 is divided by 35?
33
Calculate the remainder when 55322 is divided by 27631.
60
What is the remainder when 55658 is divided by 44?
42
What is the remainder when 25101 is divided by 3137?
5
What is the remainder when 281356 is divided by 9?
7
Calculate the remainder when 523784 is divided by 117.
92
What is the remainder when 9903 is divided by 6?
3
What is the remainder when 13084 is divided by 12926?
158
What is the remainder when 7439 is divided by 7435?
4
What is the remainder when 52939 is divided by 983?
840
Calculate the remainder when 19453 is divided by 6137.
1042
Calculate the remainder when 78471 is divided by 26156.
3
What is the remainder when 322358 is divided by 1781?
1778
What is the remainder when 5661 is divided by 48?
45
What is the remainder when 22124 is divided by 3687?
2
What is the remainder when 3441 is divided by 841?
77
Calculate the remainder when 2270 is divided by 301.
163
Calculate the remainder when 147125 is divided by 53.
50
Calculate the remainder when 5038 is divided by 4570.
468
Calculate the remainder when 25044 is divided by 309.
15
What is the remainder when 11948 is divided by 139?
133
What is the remainder when 2602 is divided by 2542?
60
Calculate the remainder when 46090 is divided by 268.
262
What is the remainder when 999 is divided by 546?
453
Calculate the remainder when 21056 is divided by 2326.
122
Calculate the remainder when 2117 is divided by 313.
239
Calculate the remainder when 1308352 is divided by 333.
328
Calculate the remainder when 1011 is divided by 978.
33
Calculate the remainder when 22404 is divided by 5599.
8
Calculate the remainder when 632 is divided by 204.
20
Calculate the remainder when 301322 is divided by 620.
2
Calculate the remainder when 3567149 is divided by 45.
44
Calculate the remainder when 3215 is divided by 151.
44
Calculate the remainder when 21822 is divided by 124.
122
Calculate the remainder when 304093 is divided by 172.
169
What is the remainder when 623 is divided by 226?
171
What is the remainder when 2836 is divided by 632?
308
What is the remainder when 80109 is divided by 24?
21
Calculate the remainder when 110295 is divided by 5012.
31
What is the remainder when 2016 is divided by 188?
136
Calculate the remainder when 1042507 is divided by 371.
368
Calculate the remainder 